12 - r. Suppose 5*a + 2*t - 75 = y, t - 44 = -6*a + 3*a. What is the units digit of a?
3
Let g = -117 + 221. Let v = -72 + g. What is the units digit of v?
2
Suppose 22*k = 19*k + 2772. What is the units digit of k?
4
Let r be (-99)/22 - -2*2/(-8). What is the tens digit of 2*(44 - r/(-5))?
8
Suppose 2 = s, 18 = o - 5*s + 14. Suppose 2*b + 3*j - 5 = 0, 3*b - 4 - 21 = -j. Suppose 0 = b*u - o*u + 100. What is the units digit of u?
5
What is the thousands digit of ((-25)/(-15))/((-25)/(-25890))?
1
Let h(x) = x**2 - 5*x + 6. Let k be h(5). Let l = k + -4. Suppose -l*u = -u - 1. What is the units digit of u?
1
Let g(s) = 2*s**3 - 7*s**2 - 10*s - 5. What is the tens digit of g(7)?
6
Suppose 69*n = 13*n + 6496. What is the tens digit of n?
1
Let g be (-15)/6*42/35. What is the units digit of (-4)/g*(-1110)/(-20)?
4
Suppose h - 2500 = -3*c - 482, 8 = 4*c. What is the units digit of h?
2
Suppose -91*l + 107*l - 9632 = 0. What is the tens digit of l?
0
Suppose -2*z + 7*z = 285. Suppose 5*i - 6*i + z = 0. What is the units digit of i?
7
Let y = 79 + -77. What is the units digit of 71*y - 10/10?
1
Suppose 2*j = -3*d - j + 207, 2*d - 4*j - 150 = 0. What is the tens digit of d?
7
Suppose -3*s + 6 = -4*s. Let l = s - -8. Suppose 2 + 122 = l*n. What is the units digit of n?
2
Let b = -526 + 787. Suppose -2*g - g = 3*t - 192, 4*g - b = -5*t. What is the tens digit of g?
5
Let d = -8 + 12. Suppose 2*c = -d*y + 6*c + 8, 14 = 4*y - 2*c. Suppose 0*p + 2*p = -2*x + 46, -y*x = -5*p - 155. What is the units digit of x?
7
Suppose 11*y = 3839 + 3454. What is the units digit of y?
3
Let d(u) = -u**2 - 3*u + 3. Let o be d(-4). Let w be ((-2)/4)/(o/(-12)). What is the units digit of 0/(-3) - w - 1?
5
Let t be 12/2 + -4 - 0. Suppose t*g + 32 = -3*y + 89, 99 = 4*g + 3*y. What is the tens digit of g?
2
Suppose 2*m = w - 1805, -13*w + 3*m = -8*w - 9032. What is the tens digit of w?
0
Suppose 3 = 5*l - 3*r, -1 = 3*l - 2*r - 2. Suppose 0 = l*u - 2*u - 56. Suppose -5*f = -156 + u. What is the tens digit of f?
2
What is the tens digit of ((-30)/20)/(4/(-7224))?
0
Let o = 4564 - 955. What is the tens digit of o?
0
Let y(u) = u**2 + u. Let s be y(1). Suppose 3*f - 9 = 3*w, 0 = w + 5*f - 7 - s. What is the tens digit of 128/10 + w/(-5)?
1
Let j = -5670 - -8605. What is the units digit of j?
5
Let o = 14 - 7. Suppose -2*d + 3 = -o. Suppose -5*i - d*f + 15 = 0, 0*i - 3*f = 2*i - 6. What is the units digit of i?
3
Let o be -1*(0/(-1) - 18). Let x be 66/o - 2/3. Suppose x*c = 2*c + 17. What is the units digit of c?
7
Suppose 0 = p - 4*m + 19, -7*p + 4*m = -2*p + 15. What is the units digit of (5 - -39)*p/1?
4
What is the units digit of (39/(-195))/(2/(-2870))?
7
What is the units digit of (-6459)/(-15) + (24/(-15) - -2)?
1
Suppose 0 = 2*f + 2*f - 56. Let z(u) = 9*u + 19. What is the tens digit of z(f)?
4
Let b = 38 - 38. Suppose b = -z + 9 + 22. What is the units digit of z?
1
Let q(z) = 22*z**3 - 3*z**2 - z - 6. What is the hundreds digit of q(3)?
5
Let p be (-3)/6 + 4*(-6)/(-16). Let f(m) = 148*m**2 + 4*m - 2. What is the tens digit of f(p)?
5
What is the hundreds digit of 9/((-72)/224)*-19 + -4?
5
Let p(n) = 21*n**2 - 36*n - 95. What is the tens digit of p(-12)?
6
Suppose 2*d = -5*b + 629, 2*d = 3*b - 0*b + 621. Suppose -d = -2*o - 66. Let k = o + -51. What is the tens digit of k?
7
What is the units digit of 1/6 + (-1462)/204 - -293?
6
Let j = 628 + -318. What is the hundreds digit of j?
3
Let x = -15 + 19. Let j = 3 + x. Suppose -j - 3 = -d - 4*u, -u + 52 = 3*d. What is the tens digit of d?
1
Let d be -1*19*(1 - 2). Suppose -m + 2*m = -2*v + d, -3*v + 2*m = -18. Let u(k) = 5*k - 9. What is the units digit of u(v)?
1
Let u(m) = -3*m - 8. Let i(r) = -r - 3. Let g(j) = 11*i(j) - 4*u(j). Let k be g(13). Suppose -3*p + 8*p = -w + k, 3*w + 2*p = 88. What is the units digit of w?
2
Let s = -40 + 411. What is the tens digit of s?
7
Let v = 17 + -14. Suppose -5*c - 3*i = -3*c + 131, 0 = v*i - 15. Let x = c - -102. What is the units digit of x?
9
Suppose -5*o = -2*y + 223, 3*y - 5*o + o - 331 = 0. Let c be 67 - -4 - (1 + 1). Let h = y - c. What is the units digit of h?
0
What is the units digit of -1083*(1/(-3))/1?
1
Suppose 6*u = 2*u + 24. Let t be (4 - -78)*12/8. What is the tens digit of (-4)/u*t/(-2)?
4
Let s(c) = c**2 - 9*c + 15. Let z be s(11). Suppose -z*w - 445 = -42*w. What is the units digit of w?
9
Let p = -169 - -714. What is the tens digit of p?
4
Let g be 5342/(-1 - -3) + 44 + -41. Suppose 9*n + 847 - g = 0. What is the units digit of n?
3
Suppose -4*j + 3*b = 256, -4*j - 3*b = -3*j + 49. What is the units digit of 3 + (-2 - -1)/(1/j)?
4
Suppose 1076 = 24*m - 748. What is the units digit of m?
6
What is the units digit of (1/(-3))/((14/(-951))/14)?
7
Suppose -4*m + 140 + 280 = 0. Suppose 0 = 4*g - m - 271. What is the units digit of g/3*(-24)/(-16)?
7
Suppose 0 = 3*o + 9, 3*g - o = -6*o - 192. Let t = g + 149. What is the tens digit of t?
9
Let s(u) = -u + 1. Let r(z) = z - 163. Let o(j) = -r(j) - 4*s(j). What is the units digit of o(0)?
9
Let y(a) = -18*a**3 + 6*a**2 + 47*a + 9. What is the hundreds digit of y(-4)?
0
Suppose -y = -4*y + 1050. Suppose 3*k - 8*k + y = 0. Let s = k + -42. What is the tens digit of s?
2
Suppose -5*s + 7054 = -2*s + 5*g, 5*s + 3*g - 11762 = 0. What is the hundreds digit of s?
3
Let s(h) = 2*h**3 - 7*h**2 + 7*h - 9. Let o be s(4). Let k = o - -14. What is the tens digit of k?
4
Let a = -7 + 7. Let p be 0 + 2 + a + 128. Suppose 0 = -5*j + 70 + p. What is the units digit of j?
0
Suppose w - 16*w + 32475 = 0. What is the hundreds digit of w?
1
Let p(l) = -45*l**3 - 3*l**2 - 2*l + 8. What is the units digit of p(-3)?
2
Let m = 219 - -59. Suppose u + m = 3*j - 3*u, -2*u = 5*j - 420. What is the units digit of j?
6
Let p = 6512 - 4394. What is the units digit of p?
8
Suppose -2*v - 20 = -32. What is the tens digit of (0 + (11 - 3))*v?
4
Let o(z) = 32*z**3 - 2*z**2 + 2*z - 1. Let b be o(1). Suppose -3*y + 205 = b. What is the units digit of y?
8
Suppose -2*a + 9 = -15. Let p(g) = 2*g**2 - 17*g + 7. What is the tens digit of p(a)?
9
Suppose -n + 6 = 3*b, -b - 21 = -3*n - 3. What is the tens digit of ((-356)/n)/((-5)/15)?
7
Suppose -22*f + 6 = -19*f. What is the units digit of (-2)/(f*4) - (-540)/48?
1
Let c(z) = 30*z**3 - 4*z**2 - 11*z**3 - 9*z**3 + 2*z + 4*z**3 + 2. What is the tens digit of c(2)?
0
Let p = -820 + 1442. What is the units digit of p?
2
Let d be (78/(-9))/(1/33). Let n = d - -187. Let s = 140 + n. What is the units digit of s?
1
Suppose -5556 = -88*h + 82*h. What is the units digit of h?
6
Suppose 0 = 4*o - 9*o. Suppose o = 12*b - 11*b - 99. What is the tens digit of b?
9
Suppose -3*m - 9*f + 1158 = -11*f, -2*m + 5*f = -783. What is the hundreds digit of m?
3
Let s be ((-4)/(-5))/(5/(-75)). What is the units digit of s/(-42) + 556/14?
0
What is the units digit of (218082/(-190))/(6/(-10))?
3
Suppose -5*o - 71 = -h - 5, -4*o = 0. Let s = -125 + h. Let u = -42 - s. What is the units digit of u?
7
Let r = -54 + 79. Suppose -6*a + r = -a. Suppose u - a*l - 1 = 0, -3*l = -1 - 5. What is the tens digit of u?
1
Let d = -12 + 5. Let q(p) = p + 4. Let j be q(d). What is the units digit of 28/2 - (2 + j)?
5
Let n(s) = -8*s**3 - 4*s - 2. Let z be n(-3). Suppose 0 = 9*m - z - 854. What is the hundreds digit of m?
1
Suppose -4*j + 1 = -3*j. What is the units digit of ((-112)/32)/(j/(-28))?
8
Let z(l) = -8*l + 92. Let n be z(11). Suppose -5*o - 2 = -22. Suppose -o*v - 4*g = -7*v + 90, n*g = -3*v + 90. What is the units digit of v?
0
Let l = 148 - 109. Let z = l + -28. What is the units digit of z?
1
Let w = 18 + -13. Suppose -4*k + 0*k - 8 = 2*j, w*k + j + 4 = 0. Suppose 4*y = -k*y + 172. What is the tens digit of y?
4
Suppose 5*z - 40 = -5*x, -2*z - 2*x = 2*z - 22. Suppose 0 = 3*t - 2*y - 3*y - 57, -4*y - 57 = -z*t. What is the tens digit of t?
1
Let a be 19/38 - 2/4. Suppose 4*k - 5*w - 182 = a, -30 - 204 = -5*k + 3*w. What is the units digit of (-66)/4*(-160)/k?
5
Let n be (0 - 119/21)/(2/6). Let o(x) = -9*x + 5. What is the hundreds digit of o(n)?
1
Let o(g) = 27*g**2 + 4*g - 28*g**2 - 29 + 13*g + 27. What is the tens digit of o(11)?
6
Let j(t) = -t**3 - 3*t + 463. What is the tens digit of j(0)?
6
Suppose -2*k - 3*u = -14, 5*k = 2*u - 4*u + 24. 